and 13987568?
56
Calculate the greatest common divisor of 746443 and 1424.
89
What is the greatest common factor of 1091506 and 416?
26
Calculate the highest common divisor of 444 and 24078268.
148
What is the greatest common factor of 701910 and 2790?
90
What is the highest common divisor of 1396104009 and 19302?
9651
What is the highest common factor of 4055038 and 1794?
598
Calculate the greatest common factor of 12034540 and 3520.
20
What is the greatest common factor of 1179 and 404921?
131
What is the greatest common factor of 214963 and 764351?
49
Calculate the highest common divisor of 162270101 and 1498.
749
Calculate the greatest common divisor of 14 and 75099374.
14
What is the greatest common divisor of 14 and 18032798?
14
What is the highest common factor of 6721360 and 160?
80
What is the highest common divisor of 7654 and 1556788?
178
Calculate the greatest common divisor of 325704 and 10742.
82
What is the greatest common factor of 658210100 and 1726?
1726
What is the greatest common factor of 520 and 380965?
65
What is the greatest common factor of 110 and 70167438?
22
What is the highest common divisor of 450 and 218171340?
90
Calculate the greatest common divisor of 15182618 and 242.
22
Calculate the highest common factor of 2385 and 46678185.
45
What is the highest common divisor of 68 and 243816533?
17
Calculate the highest common factor of 4704581 and 46.
23
What is the greatest common factor of 718552081 and 362?
181
What is the greatest common divisor of 6323269 and 68?
17
Calculate the greatest common factor of 32112 and 1136385.
9
What is the greatest common divisor of 208352645 and 1175?
235
What is the greatest common factor of 427917848 and 361?
361
Calculate the highest common factor of 50611 and 1265.
11
Calculate the greatest common divisor of 23054548 and 165.
11
What is the highest common factor of 27782513 and 18744?
781
Calculate the highest common divisor of 337591 and 1317.
439
What is the highest common factor of 29150002 and 4998?
1666
Calculate the highest common factor of 90875 and 15468379.
727
What is the greatest common divisor of 1378825 and 3325?
175
What is the highest common divisor of 44790342 and 7191?
2397
What is the highest common factor of 2348685 and 1206?
603
Calculate the highest common divisor of 1633734 and 7650.
306
What is the highest common factor of 398655 and 216?
27
Calculate the highest common divisor of 56700 and 10600.
100
Calculate the greatest common divisor of 526 and 8655593.
263
What is the highest common divisor of 51954552 and 4173?
39
Calculate the greatest common factor of 3472 and 82693492.
868
What is the greatest common divisor of 339 and 2543291?
113
What is the highest common factor of 87052120 and 2694?
898
Calculate the greatest common factor of 32715 and 1279485.
45
What is the highest common factor of 7847 and 807149?
7
Calculate the highest common factor of 592 and 3311312.
16
What is the highest common divisor of 100142632 and 4?
4
What is the highest common factor of 1749744 and 98884?
1676
What is the greatest common divisor of 153 and 3017279?
17
What is the greatest common factor of 18939910 and 165?
55
What is the highest common divisor of 794527180 and 2622?
874
Calculate the greatest common divisor of 6321 and 370754041.
2107
What is the greatest common divisor of 2310 and 121512?
6
What is the highest common divisor of 99877064 and 56?
56
What is the highest common factor of 9646 and 23018801?
689
Calculate the greatest common divisor of 4773 and 148037.
37
What is the highest common divisor of 5943 and 37611?
21
Calculate the greatest common divisor of 242225 and 675.
25
What is the greatest common factor of 7831 and 820656?
41
What is the greatest common factor of 154493 and 4?
1
What is the highest common factor of 31105505 and 15?
5
What is the highest common factor of 1352 and 14896?
8
What is the highest common divisor of 86 and 320848972?
86
What is the highest common factor of 5671608 and 3876?
204
Calculate the greatest common divisor of 37512 and 23487201.
4689
What is the greatest common factor of 80 and 3729640?
40
What is the greatest common divisor of 3078 and 2669652?
1026
Calculate the highest common factor of 1218415 and 120.
5
What is the highest common factor of 154070 and 162502?
62
Calculate the greatest common factor of 5284 and 9952.
4
Calculate the highest common divisor of 91533616 and 9040.
1808
What is the greatest common divisor of 23980 and 27291?
11
Calculate the highest common divisor of 27019969 and 4952.
619
What is the highest common factor of 405 and 174495?
15
What is the highest common divisor of 107115 and 17390?
185
What is the highest common factor of 194781786 and 3006?
1002
Calculate the highest common factor of 49067180 and 111.
37
Calculate the highest common factor of 6314 and 466006.
82
What is the greatest common factor of 1515949 and 14712?
613
Calculate the highest common divisor of 10 and 6597168.
2
What is the greatest common factor of 88827 and 4263?
87
Calculate the highest common divisor of 3163056 and 335664.
1776
Calculate the highest common factor of 645 and 32596623.
129
What is the greatest common divisor of 19328 and 3300558?
302
Calculate the highest common divisor of 154 and 24086755.
77
What is the greatest common divisor of 182 and 15598702?
14
Calculate the highest common divisor of 2845 and 35565.
5
What is the highest common factor of 8738 and 405032?
514
Calculate the greatest common factor of 8576 and 2158204.
268
Calculate the highest common divisor of 1053 and 167265.
81
What is the highest common divisor of 1274122 and 1267004?
7118
Calculate the greatest common divisor of 6849600 and 10.
10
Calculate the highest common divisor of 37272 and 933353.
1553
Calculate the highest common factor of 148346 and 23716.
242
What is the highest common factor of 15996440 and 160?
40
Calculate the greatest common divisor of 300 and 11561900.
100
Calculate the highest common divisor of 3438 and 3921894.
18
What is the highest common divisor of 718350 and 22650?
150
What is the greatest common divisor of 21828600 and 129645?
3015
Calculate the greatest common divisor of 2303370 and 225.
45
What is the greatest common factor of 3909059 and 28?
7
Calculate the highest common factor of 2047984 and 5859.
31
Calculate the greatest common factor of 40809 and 209397.
669
Calculate the highest common divisor of 4066976 and 7300.
292
What is the highest common divisor of 396 and 1542519?
99
Calculate the greatest common factor of 14028878 and 418.
38
Calculate the highest common divisor of 11 and 1088832481.
11
Calculate the greatest common factor of 187392 and 1330176.
3072
Calculate the greatest common factor of 7954 and 65108.
82
Calculate the greatest common divisor of 2889 and 4111847253.
2889
Calculate the highest common factor of 214474 and 294190.
1898
What is the greatest common divisor of 1995602 and 644?
14
Calculate the greatest common divisor of 495 and 29763.
9
What is the highest common factor of 76511448 and 936?
936
Calculate the greatest common factor of 330395 and 58565.
1105
What is the greatest common factor of 1125 and 15214125?
375
What is the greatest common divisor of 63 and 2387399490?
63
What is the highest common divisor of 220 and 171256580?
220
What is the highest common factor of 14831292 and 420?
84
Calculate the highest common divisor of 150 and 2011980.
30
Calculate the greatest common factor of 490069 and 1833.
47
What is the greatest common factor of 148 and 42541490?
74
What is the greatest common divisor of 2619437008 and 496?
496
What is the greatest common divisor of 7248431 and 12382?
41
Calculate the greatest common factor of 4 and 25182476.
4
Calculate the greatest common divisor of 29524 and 371470.
242
What is the greatest common divisor of 1272240 and 31320?
1080
Calculate the highest common divisor of 83376 and 919838.
386
Calculate the greatest common factor of 119 and 81334477.
119
Calculate the highest common factor of 38916832 and 256.
32
What is the highest common divisor of 164050085 and 17?
17
Calculate the highest common divisor of 50239 and 5873.
7
What is the highest common factor of 13 and 1732072485?
13
Calculate the highest common factor 